
{"id":202,"date":"2014-06-30T21:00:29","date_gmt":"2014-06-30T21:00:29","guid":{"rendered":"http:\/\/www.edufma.ufma.br\/?page_id=202"},"modified":"2026-04-13T13:25:56","modified_gmt":"2026-04-13T16:25:56","slug":"como-publicar","status":"publish","type":"page","link":"https:\/\/www.edufma.ufma.br\/index.php\/como-publicar\/","title":{"rendered":"Como Publicar"},"content":{"rendered":"<p><strong><span style=\"font-family: Arial, sans-serif;\"><span style=\"font-size: medium;\">A publica\u00e7\u00e3o s\u00f3 recebe selo EDUFMA depois do processo de avalia\u00e7\u00e3o\/revis\u00e3o por pares e aceite para a publica\u00e7\u00e3o por meio de parecer. A solicita\u00e7\u00e3o do n\u00famero de ISBN\u00a0 \u00e9 feita pela pr\u00f3pria editora.<\/span><\/span><\/strong><\/p>\n<p>A EDUFMA oferece o servi\u00e7o de revis\u00e3o de texto (portugu\u00eas) e projeto gr\u00e1fico para livros aprovados para publica\u00e7\u00e3o pela EDUFMA.<\/p>\n<p>Observa\u00e7\u00e3o: O servi\u00e7o de revis\u00e3o n\u00e3o \u00e9 feito em materiais que contenham artigos de autores diferentes.<\/p>\n<p><strong><span style=\"font-family: Arial, sans-serif;\"><span style=\"font-size: medium;\">O procedimento padr\u00e3o\u00a0para publica\u00e7\u00e3o\u00a0envolve a abertura de processo com os anexos para an\u00e1lise do conselho editorial.<\/span><\/span><\/strong><\/p>\n<p><strong><span style=\"font-family: Arial, sans-serif;\"><span style=\"font-size: medium;\">1. Abertura \u00a0de processo no Sistema Eletr\u00f4nico de Informa\u00e7\u00f5es(SEI).<\/span><\/span><\/strong><\/p>\n<p><span style=\"font-family: Arial, sans-serif;\"><span style=\"font-size: medium;\">Observa\u00e7\u00f5es :<\/span><\/span><\/p>\n<p><span style=\"font-family: Arial, sans-serif;\"><span style=\"font-size: medium;\"> Processo com classifica\u00e7\u00e3o de acesso restrito (hip\u00f3tese de\u00a0 direito autoral).\u00a0Os processos s\u00e3o recebidos e analisados conforme\u00a0 ordem de chegada.<\/span><\/span><\/p>\n<p><span style=\"font-family: Arial, sans-serif;\"><span style=\"font-size: medium;\">Nos casos de usu\u00e1rio externo (peticionamento eletr\u00f4nico), inicialmente deve ser solicitado o seu acesso externo ao SEI-UFMA. Conforme <\/span><\/span><a href=\"https:\/\/www.edufma.ufma.br\/wp-content\/uploads\/2024\/12\/Anexo_1276258_2._orientacoes_para_Acesso_Externo_ao_SEI__Atualizado_.pdf\">Anexo_1276258_2._orientacoes_para_Acesso_Externo_ao_SEI__Atualizado_.<\/a><span style=\"font-family: Arial, sans-serif;\"><span style=\"font-size: medium;\">Os processos oriundos de usu\u00e1rio externo (peticionamento eletr\u00f4nico) ter\u00e3o como tramita\u00e7\u00e3o inicial o seu direcionamento \u00e0 DEPA, que ir\u00e1 direcion\u00e1-los \u00e0 editora para\u00a0 an\u00e1lise conforme o teor da solicita\u00e7\u00e3o.<\/span><\/span><\/p>\n<p>Fazem parte do grupo de usu\u00e1rio externo ao SEI-UFMA: os servidores aposentados, pensionistas, alunos, ex-alunos e p\u00fablico externo de forma geral.<\/p>\n<p><strong><span style=\"font-family: Arial, sans-serif;\"><span style=\"font-size: medium;\">2. Inserir no processo criado os documentos preenchidos e assinados ( SEI ou\u00a0<a href=\"http:\/\/gov.br\/\" target=\"_blank\" rel=\"noopener noreferrer\">gov.br<\/a>):<\/span><\/span><\/strong><\/p>\n<p>Observa\u00e7\u00f5es:<\/p>\n<p><strong> Conforme Portaria n\u00ba 1351\/2024\/FUMA\/OEC\/REITORIA\/GR, Art. 38 ,\u00a72\u00ba:<\/strong> \u00c9<strong> vedado o envio de documentos distribu\u00eddos dentro de pastas e subpastas.<\/strong><\/p>\n<p><b>Conforme INSTRU\u00c7\u00c3O NORMATIVA N\u00ba 1\/2025-PPGT\/UFMA. Art. 6\u00ba Fica vedada, no \u00e2mbito da UFMA, a aceita\u00e7\u00e3o de:<br \/>\n<\/b>I &#8211; documentos assinados de pr\u00f3prio punho (manuscritos) que sejam apresentados como documentos eletr\u00f4nicos ou digitalizados; e<br \/>\nII &#8211; documentos que tenham sido assinados eletronicamente e posteriormente digitalizados ou convertidos para formato de imagem, perdendo suas caracter\u00edsticas de documento eletr\u00f4nico nato-digital.<\/p>\n<p>2.1 Solicita\u00e7\u00e3o<\/p>\n<p><a href=\"https:\/\/www.edufma.ufma.br\/wp-content\/uploads\/2025\/10\/Modelo-de-solicita\u00e7\u00e3o-_-09.10.2025.docx\">Modelo-de-solicita\u00e7\u00e3o _ 09.10.2025<\/a><\/p>\n<p>Observa\u00e7\u00f5es:<\/p>\n<p>Nesta solicita\u00e7\u00e3o voc\u00ea informar\u00e1 qual tipo de servi\u00e7o necessita da editora.<\/p>\n<p>Se o material \u00a0for de p\u00f3s-gradua\u00e7\u00e3o, \u00e9 necess\u00e1rio ainda anexar parecer do colegiado do curso. A solicita\u00e7\u00e3o vem do coordenador do curso de p\u00f3s-gradua\u00e7\u00e3o.<\/p>\n<p>2.2 Formul\u00e1rio de solicita\u00e7\u00e3o preenchido com os dados do material .<\/p>\n<p><a href=\"https:\/\/www.edufma.ufma.br\/wp-content\/uploads\/2024\/04\/Formul\u00e1rio-para-ISBN_atualizado.doc\">Formul\u00e1rio para ISBN_atualizado<\/a><\/p>\n<p>2.3 Arquivo do material finalizado ( miolo e capa) conforme\u00a0 modelos da EDUFMA.\u00a0 <strong>Modelos nos anexos.<\/strong><\/p>\n<p>Observa\u00e7\u00e3o: A ficha pode ser solicitada na Biblioteca Central pelo e-ma<strong>il:\u00a0sib.bc@ufma.br.<\/strong><\/p>\n<p>2.4 Termo de responsabilidade.<\/p>\n<p><a href=\"https:\/\/www.edufma.ufma.br\/wp-content\/uploads\/2025\/11\/Termo-de-responsabilidade_imagens.pdf\">Termo de responsabilidade_imagens<\/a><\/p>\n<p>Observa\u00e7\u00e3o: Responsabiliza-se pela indica\u00e7\u00e3o de autoria das ilustra\u00e7\u00f5es e\/ ou fotografias contidas na obra.<\/p>\n<p>2.5\u00a0 Termo de compromisso de entrega de exemplares,<strong> caso a publica\u00e7\u00e3o\u00a0 seja impressa.\u00a0\u00a0<\/strong><\/p>\n<p><a href=\"https:\/\/www.edufma.ufma.br\/wp-content\/uploads\/2024\/08\/Termo-de-Compromisso_autores_m\u00ednimo.doc\">Termo-de-Compromisso_autores_m\u00ednimo<\/a><\/p>\n<p><a href=\"https:\/\/www.edufma.ufma.br\/wp-content\/uploads\/2024\/08\/Termo-de-Compromisso_autores_m\u00ednimo.pdf\">Termo-de-Compromisso_autores_m\u00ednimo<\/a><\/p>\n<p>2. 6\u00a0 Autoriza\u00e7\u00e3o para publica\u00e7\u00e3o no site da editora\u00a0 para download gratuito, <strong>caso seja\u00a0 publica\u00e7\u00e3o digital,<\/strong> assinada por todos os organizadores ou autores.<\/p>\n<p><a href=\"https:\/\/www.edufma.ufma.br\/wp-content\/uploads\/2024\/08\/Termo-de-autoriza\u00e7\u00e3o_livros-digitais.doc\">Termo-de-autoriza\u00e7\u00e3o_livros-digitais<\/a><\/p>\n<p><a href=\"https:\/\/www.edufma.ufma.br\/wp-content\/uploads\/2024\/08\/Termo-de-autoriza\u00e7\u00e3o_livros-digitais.pdf\">Termo-de-autoriza\u00e7\u00e3o_livros-digitais<\/a><\/p>\n<p>Obs: Tamanho m\u00e1ximo que o site da editora aceita upload de arquivos: 20 MB<\/p>\n<p><strong><span style=\"font-family: Arial, sans-serif;\"><span style=\"font-size: medium;\">3. O processo passar\u00e1 pela an\u00e1lise do Conselho Editorial da Editora.<\/span><\/span><\/strong><\/p>\n<p>Observa\u00e7\u00f5es:<\/p>\n<p>1.Todas as publica\u00e7\u00f5es chanceladas pela editora passam por avalia\u00e7\u00e3o do pr\u00f3prio conselho editorial da EDUFMA.<\/p>\n<p>2. A anu\u00eancia do Programa de P\u00f3s-Gradua\u00e7\u00e3o, ata de aprova\u00e7\u00e3o em colegiado do curso, significa a indica\u00e7\u00e3o de publica\u00e7\u00e3o pelo Programa e n\u00e3o a avalia\u00e7\u00e3o da obra.<\/p>\n<p><span style=\"font-family: Arial, sans-serif;\"><span style=\"font-size: medium;\">Se autorizado, ser\u00e1 solicitado o ISBN \u00e0 C\u00e2mara Brasileira do Livro(CBL), que emite um boleto de R$28,60 por tipo de suporte. O boleto ser\u00e1 encaminhado, no processo, para pagamento.<\/span><\/span><\/p>\n<p><strong><span style=\"font-family: Arial, sans-serif;\"><span style=\"font-size: medium;\">4. Prazo do servi\u00e7o de solicita\u00e7\u00e3o do ISBN:<\/span><\/span><\/strong><\/p>\n<p><span style=\"font-family: Arial, sans-serif;\"><span style=\"font-size: medium;\">Prazo m\u00ednimo de 60 dias ap\u00f3s solicita\u00e7\u00e3o recebida pela EDUFMA por meio de processo SEI. A entrega do n\u00famero do ISBN \u00e9 feita por meio da vers\u00e3o final da obra adequada aos crit\u00e9rios da EDUFMA e aprovada pelo Conselho Cient\u00edfico da editora.<\/span><\/span><\/p>\n<p><span style=\"font-family: Arial, sans-serif;\"><span style=\"font-size: medium;\">O acompanhamento poder\u00e1 ser realizado pelo pr\u00f3prio usu\u00e1rio por meio do Sistema SEI ou pelo -mail\u00a0<a href=\"mailto:edufma@ufma.br(d%C3%BAvidas)\" target=\"_blank\" rel=\"noopener noreferrer\">edufma@ufma.br(d\u00favidas)<\/a><\/span><\/span><\/p>\n<p><strong><span style=\"font-family: Arial, sans-serif;\"><span style=\"font-size: medium;\">Observa\u00e7\u00f5es importantes: <\/span><\/span><\/strong><\/p>\n<p><span style=\"font-family: Arial, sans-serif;\"><span style=\"font-size: medium;\">1. S\u00e3o considerados livros materiais que tenham pelo menos 50 p\u00e1ginas conforme a ABNT;<\/span><\/span><\/p>\n<p><span style=\"font-family: Arial, sans-serif;\"><span style=\"font-size: medium;\">2.Cita\u00e7\u00e3o e refer\u00eancias precisam seguir as regras da ABNT 6023: 2018 e 10520:2023;<\/span><\/span><\/p>\n<p><span style=\"font-family: Arial, sans-serif;\"><span style=\"font-size: medium;\">3.Imagens precisam ter a fonte identificadas no material, YouTube &#8211; Instagram &#8211; TikTok e outras redes sociais n\u00e3o s\u00e3o fontes. Imagem com pessoas, se n\u00e3o forem autorizadas pelas pessoas o uso de suas imagens, precisam j\u00e1 ter sido publicadas ou desfocadas para n\u00e3o caracteriz\u00e1-las;<\/span><\/span><\/p>\n<p><span style=\"font-family: Arial, sans-serif;\"><span style=\"font-size: medium;\">4.O material precisa ser livre de discrimina\u00e7\u00e3o ou preconceito;<\/span><\/span><\/p>\n<p><span style=\"font-family: Arial, sans-serif;\"><span style=\"font-size: medium;\">5.Programa\u00e7\u00f5es de eventos n\u00e3o s\u00e3o classificados como livros;<\/span><\/span><\/p>\n<p>6. A EDUFMA incentiva que os livros virtuais tenham, preferencialmente, licen\u00e7a Creative Common CC BY. Esta licen\u00e7a permite que outros distribuam, remixem, adaptem e criem a partir do seu trabalho, mesmo para fins comerciais, desde que lhe atribuam o devido cr\u00e9dito pela cria\u00e7\u00e3o original. \u00c9 a licen\u00e7a mais flex\u00edvel de todas as licen\u00e7as dispon\u00edveis. \u00c9 recomendada para maximizar a dissemina\u00e7\u00e3o e uso dos materiais licenciados. Para mais informa\u00e7\u00f5es sobre a licen\u00e7a acesse: <a href=\"https:\/\/br.creativecommons.net\/licencas\/\">https:\/\/br.creativecommons.net\/licencas\/<\/a><\/p>\n<p>7. A\u00a0 EDUFMA adota a revis\u00e3o por pares simples cega. \u00c9 um sistema de avalia\u00e7\u00e3o de manuscritos cient\u00edficos em que os autores n\u00e3o conhecem os revisores, mas os revisores conhecem os autores.<\/p>\n<p><a href=\"https:\/\/www.planalto.gov.br\/ccivil_03\/_ato2023-2026\/2024\/lei\/l14874.htm#:~:text=LEI%20N%C2%BA%2014.874%2C%20DE%2028%20DE%20MAIO%20DE%202024&amp;text=Disp%C3%B5e%20sobre%20a%20pesquisa%20com,em%20Pesquisa%20com%20Seres%20Humanos\"><strong>LEI N\u00ba 14.874, DE 28 DE MAIO DE 2024<\/strong><\/a>&#8211; Disp\u00f5e sobre a pesquisa com seres humanos e institui o Sistema Nacional de \u00c9tica em Pesquisa com Seres Humanos.<\/p>\n<p><strong>Normas da ABNT adotadas pela EDUFMA<\/strong><\/p>\n<p>ABNT:NBR 6023:2018 &#8211; Refer\u00eancias<br \/>\nABNT:NBR 6024:2012 &#8211; Numera\u00e7\u00e3o progressiva das se\u00e7\u00f5es de um documento<br \/>\nABNT:NBR 6027:2012 &#8211; Sum\u00e1rios<br \/>\nABNT:NBR 6029:2023 &#8211; livros e folhetos<br \/>\nABNT:NBR 10520:2023 &#8211; cita\u00e7\u00f5es em documentos<\/p>\n<p>Obs.: Para servidores e discentes da UFMA acessarem as normas da ABNT \u00e9 s\u00f3 se cadastrarem no link: <a href=\"https:\/\/www.gedweb.com.br\/ufma\/\">https:\/\/www.gedweb.com.br\/ufma\/<\/a><\/p>\n<p><strong>Considera\u00e7\u00f5es indica\u00e7\u00e3o da fonte de filmes, novelas e outras imagens em movimento<\/strong><\/p>\n<p><span style=\"font-weight: 400;\">Conforme a ABNT NBR 6023:2018<\/span><\/p>\n<p><span style=\"font-weight: 400;\">\u00a0Imagem em movimento que inclui filmes, videocassetes, DVD, entre outros<\/span><\/p>\n<p><span style=\"font-weight: 400;\">\u00a0Os elementos essenciais s\u00e3o: t\u00edtulo, diretor, produtor, local, produtora, data e especifica\u00e7\u00e3o do suporte em unidades f\u00edsicas.<\/span><\/p>\n<p><span style=\"font-weight: 400;\">Exemplo: OS PERIGOS do uso de t\u00f3xicos. Produ\u00e7\u00e3o de Jorge Ramos de Andrade. S\u00e3o Paulo: CERAVI, 1983. 1 videocassete<\/span><\/p>\n<p><strong>Anexos adicionais- modelos.<\/strong><\/p>\n<ul>\n<li><strong>Folha de expediente<\/strong><\/li>\n<\/ul>\n<p><strong>Livros digitais<\/strong><\/p>\n<p><a href=\"https:\/\/www.edufma.ufma.br\/wp-content\/uploads\/2026\/04\/CONSELHO-DIGITAL-2026.doc\">CONSELHO-DIGITAL 2026<\/a><\/p>\n<p><strong>Livros impressos<\/strong><\/p>\n<p><a href=\"https:\/\/www.edufma.ufma.br\/wp-content\/uploads\/2026\/04\/CONSELHO-IMPRESSO-2026.doc\">CONSELHO-IMPRESSO 2026<\/a><\/p>\n<ul>\n<li><strong>Modelo de p\u00e1ginas iniciais &#8211; Livros digitais<\/strong><\/li>\n<\/ul>\n<p><a href=\"https:\/\/www.edufma.ufma.br\/wp-content\/uploads\/2026\/04\/PAGINAS-INICIAIS-DE-PROJETOS-EDUFMA_DIGITAL-2026.doc\">P\u00c1GINAS-INICIAIS-DE-PROJETOS-EDUFMA_DIGITAL &#8211; 2026<\/a><\/p>\n<p>&nbsp;<\/p>\n<ul>\n<li><strong>Modelo de p\u00e1ginas iniciais &#8211; Livros impressos<\/strong><\/li>\n<\/ul>\n<p><a href=\"https:\/\/www.edufma.ufma.br\/wp-content\/uploads\/2026\/04\/PAGINAS-INICIAIS-DE-PROJETOS-EDUFMA_IMPRESSO-2026.doc\">P\u00c1GINAS-INICIAIS-DE-PROJETOS-EDUFMA_IMPRESSO &#8211; 2026<\/a><\/p>\n<p><a href=\"https:\/\/www.edufma.ufma.br\/wp-content\/uploads\/2024\/08\/Modelo-de-CAPA.pdf\">Modelo de CAPA<\/a><\/p>\n<p><strong>Logomarcas da EDUFMA\/ABEU\/UFMA\u00a0<\/strong><\/p>\n<p><a href=\"https:\/\/www.edufma.ufma.br\/wp-content\/uploads\/2026\/04\/EDUFMA-logomarcas-para-uso-2026.zip\">\u00a0logomarcas-para-uso 2026<\/a><\/p>\n<p>&nbsp;<\/p>\n","protected":false},"excerpt":{"rendered":"<p>A publica\u00e7\u00e3o s\u00f3 recebe selo EDUFMA depois do processo de avalia\u00e7\u00e3o\/revis\u00e3o por pares e aceite para a publica\u00e7\u00e3o por meio de parecer. A solicita\u00e7\u00e3o do n\u00famero de ISBN\u00a0 \u00e9 feita pela pr\u00f3pria editora. A EDUFMA oferece o servi\u00e7o de revis\u00e3o de texto (portugu\u00eas) e projeto gr\u00e1fico para livros aprovados para publica\u00e7\u00e3o pela EDUFMA. Observa\u00e7\u00e3o: O servi\u00e7o de revis\u00e3o n\u00e3o \u00e9 feito em materiais que contenham artigos de autores diferentes. O procedimento padr\u00e3o\u00a0para publica\u00e7\u00e3o\u00a0envolve a abertura de processo com os anexos para an\u00e1lise do conselho editorial. 1. Abertura \u00a0de processo no Sistema Eletr\u00f4nico de Informa\u00e7\u00f5es(SEI). Observa\u00e7\u00f5es : Processo com classifica\u00e7\u00e3o de acesso restrito (hip\u00f3tese de\u00a0 direito autoral).\u00a0Os processos s\u00e3o recebidos e analisados conforme\u00a0 ordem de chegada. Nos casos de usu\u00e1rio externo (peticionamento eletr\u00f4nico), inicialmente deve ser solicitado o seu acesso externo ao SEI-UFMA. Conforme Anexo_1276258_2._orientacoes_para_Acesso_Externo_ao_SEI__Atualizado_.Os processos oriundos de usu\u00e1rio externo (peticionamento eletr\u00f4nico) ter\u00e3o como tramita\u00e7\u00e3o inicial o seu direcionamento \u00e0 DEPA, que ir\u00e1 direcion\u00e1-los \u00e0 editora para\u00a0 an\u00e1lise conforme o teor da solicita\u00e7\u00e3o. Fazem parte do grupo de usu\u00e1rio externo ao SEI-UFMA: os servidores aposentados, pensionistas, alunos, ex-alunos e p\u00fablico externo de forma geral. 2. Inserir no processo criado os documentos preenchidos e assinados ( SEI ou\u00a0gov.br): Observa\u00e7\u00f5es: Conforme Portaria n\u00ba 1351\/2024\/FUMA\/OEC\/REITORIA\/GR, Art. 38 ,\u00a72\u00ba: \u00c9 vedado o envio de documentos distribu\u00eddos dentro de pastas e subpastas. Conforme INSTRU\u00c7\u00c3O NORMATIVA N\u00ba 1\/2025-PPGT\/UFMA. Art. 6\u00ba Fica vedada, no \u00e2mbito da UFMA, a aceita\u00e7\u00e3o de: I &#8211; documentos assinados de pr\u00f3prio punho (manuscritos) que sejam apresentados como documentos eletr\u00f4nicos ou digitalizados; e II &#8211; documentos que tenham sido assinados eletronicamente e posteriormente digitalizados ou convertidos para formato de imagem, perdendo suas caracter\u00edsticas de documento eletr\u00f4nico nato-digital. 2.1 Solicita\u00e7\u00e3o Modelo-de-solicita\u00e7\u00e3o _ 09.10.2025 Observa\u00e7\u00f5es: Nesta solicita\u00e7\u00e3o voc\u00ea informar\u00e1 qual tipo de servi\u00e7o necessita da editora. Se o material \u00a0for de p\u00f3s-gradua\u00e7\u00e3o, \u00e9 necess\u00e1rio ainda anexar parecer do colegiado do curso. A solicita\u00e7\u00e3o vem do coordenador do curso de p\u00f3s-gradua\u00e7\u00e3o. 2.2 Formul\u00e1rio de solicita\u00e7\u00e3o preenchido com os dados do material . Formul\u00e1rio para ISBN_atualizado 2.3 Arquivo do material finalizado ( miolo e capa) conforme\u00a0 modelos da EDUFMA.\u00a0 Modelos nos anexos. Observa\u00e7\u00e3o: A ficha pode ser solicitada na Biblioteca Central pelo e-mail:\u00a0sib.bc@ufma.br. 2.4 Termo de responsabilidade. Termo de responsabilidade_imagens Observa\u00e7\u00e3o: Responsabiliza-se pela indica\u00e7\u00e3o de autoria das ilustra\u00e7\u00f5es e\/ ou fotografias contidas na obra. 2.5\u00a0 Termo de compromisso de entrega de exemplares, caso a publica\u00e7\u00e3o\u00a0 seja impressa.\u00a0\u00a0 Termo-de-Compromisso_autores_m\u00ednimo Termo-de-Compromisso_autores_m\u00ednimo 2. 6\u00a0 Autoriza\u00e7\u00e3o para publica\u00e7\u00e3o no site da editora\u00a0 para download gratuito, caso seja\u00a0 publica\u00e7\u00e3o digital, assinada por todos os organizadores ou autores. Termo-de-autoriza\u00e7\u00e3o_livros-digitais Termo-de-autoriza\u00e7\u00e3o_livros-digitais Obs: Tamanho m\u00e1ximo que o site da editora aceita upload de arquivos: 20 MB 3. O processo passar\u00e1 pela an\u00e1lise do Conselho Editorial da Editora. Observa\u00e7\u00f5es: 1.Todas as publica\u00e7\u00f5es chanceladas pela editora passam por avalia\u00e7\u00e3o do pr\u00f3prio conselho editorial da EDUFMA. 2. A anu\u00eancia do Programa de P\u00f3s-Gradua\u00e7\u00e3o, ata de aprova\u00e7\u00e3o em colegiado do curso, significa a indica\u00e7\u00e3o de publica\u00e7\u00e3o pelo Programa e n\u00e3o a avalia\u00e7\u00e3o da obra. Se autorizado, ser\u00e1 solicitado o ISBN \u00e0 C\u00e2mara Brasileira do Livro(CBL), que emite um boleto de R$28,60 por tipo de suporte. O boleto ser\u00e1 encaminhado, no processo, para pagamento. 4. Prazo do servi\u00e7o de solicita\u00e7\u00e3o do ISBN: Prazo m\u00ednimo de 60 dias ap\u00f3s solicita\u00e7\u00e3o recebida pela EDUFMA por meio de processo SEI. A entrega do n\u00famero do ISBN \u00e9 feita por meio da vers\u00e3o final da obra adequada aos crit\u00e9rios da EDUFMA e aprovada pelo Conselho Cient\u00edfico da editora. O acompanhamento poder\u00e1 ser realizado pelo pr\u00f3prio usu\u00e1rio por meio do Sistema SEI ou pelo -mail\u00a0edufma@ufma.br(d\u00favidas) Observa\u00e7\u00f5es importantes: 1. S\u00e3o considerados livros materiais que tenham pelo menos 50 p\u00e1ginas conforme a ABNT; 2.Cita\u00e7\u00e3o e refer\u00eancias precisam seguir as regras da ABNT 6023: 2018 e 10520:2023; 3.Imagens precisam ter a fonte identificadas no material, YouTube &#8211; Instagram &#8211; TikTok e outras redes sociais n\u00e3o s\u00e3o fontes. Imagem com pessoas, se n\u00e3o forem autorizadas pelas pessoas o uso de suas imagens, precisam j\u00e1 ter sido publicadas ou desfocadas para n\u00e3o caracteriz\u00e1-las; 4.O material precisa ser livre de discrimina\u00e7\u00e3o ou preconceito; 5.Programa\u00e7\u00f5es de eventos n\u00e3o s\u00e3o classificados como livros; 6. A EDUFMA incentiva que os livros virtuais tenham, preferencialmente, licen\u00e7a Creative Common CC BY. Esta licen\u00e7a permite que outros distribuam, remixem, adaptem e criem a partir do seu trabalho, mesmo para fins comerciais, desde que lhe atribuam o devido cr\u00e9dito pela cria\u00e7\u00e3o original. \u00c9 a licen\u00e7a mais flex\u00edvel de todas as licen\u00e7as dispon\u00edveis. \u00c9 recomendada para maximizar a dissemina\u00e7\u00e3o e uso dos materiais licenciados. Para mais informa\u00e7\u00f5es sobre a licen\u00e7a acesse: https:\/\/br.creativecommons.net\/licencas\/ 7. A\u00a0 EDUFMA adota a revis\u00e3o por pares simples cega. \u00c9 um sistema de avalia\u00e7\u00e3o de manuscritos cient\u00edficos em que os autores n\u00e3o conhecem os revisores, mas os revisores conhecem os autores. LEI N\u00ba 14.874, DE 28 DE MAIO DE 2024&#8211; Disp\u00f5e sobre a pesquisa com seres humanos e institui o Sistema Nacional de \u00c9tica em Pesquisa com Seres Humanos. Normas da ABNT adotadas pela EDUFMA ABNT:NBR 6023:2018 &#8211; Refer\u00eancias ABNT:NBR 6024:2012 &#8211; Numera\u00e7\u00e3o progressiva das se\u00e7\u00f5es de um documento ABNT:NBR 6027:2012 &#8211; Sum\u00e1rios ABNT:NBR 6029:2023 &#8211; livros e folhetos ABNT:NBR 10520:2023 &#8211; cita\u00e7\u00f5es em documentos Obs.: Para servidores e discentes da UFMA acessarem as normas da ABNT \u00e9 s\u00f3 se cadastrarem no link: https:\/\/www.gedweb.com.br\/ufma\/ Considera\u00e7\u00f5es indica\u00e7\u00e3o da fonte de filmes, novelas e outras imagens em movimento Conforme a ABNT NBR 6023:2018 \u00a0Imagem em movimento que inclui filmes, videocassetes, DVD, entre outros \u00a0Os elementos essenciais s\u00e3o: t\u00edtulo, diretor, produtor, local, produtora, data e especifica\u00e7\u00e3o do suporte em unidades f\u00edsicas. Exemplo: OS PERIGOS do uso de t\u00f3xicos. Produ\u00e7\u00e3o de Jorge Ramos de Andrade. S\u00e3o Paulo: CERAVI, 1983. 1 videocassete Anexos adicionais- modelos. Folha de expediente Livros digitais CONSELHO-DIGITAL 2026 Livros impressos CONSELHO-IMPRESSO 2026 Modelo de p\u00e1ginas iniciais &#8211; Livros digitais P\u00c1GINAS-INICIAIS-DE-PROJETOS-EDUFMA_DIGITAL &#8211; 2026 &nbsp; Modelo de p\u00e1ginas iniciais &#8211; Livros impressos P\u00c1GINAS-INICIAIS-DE-PROJETOS-EDUFMA_IMPRESSO &#8211; 2026 Modelo de CAPA Logomarcas da EDUFMA\/ABEU\/UFMA\u00a0 \u00a0logomarcas-para-uso 2026 &nbsp;<\/p>\n","protected":false},"author":1,"featured_media":0,"parent":0,"menu_order":0,"comment_status":"open","ping_status":"open","template":"","meta":[],"_links":{"self":[{"href":"https:\/\/www.edufma.ufma.br\/index.php\/wp-json\/wp\/v2\/pages\/202"}],"collection":[{"href":"https:\/\/www.edufma.ufma.br\/index.php\/wp-json\/wp\/v2\/pages"}],"about":[{"href":"https:\/\/www.edufma.ufma.br\/index.php\/wp-json\/wp\/v2\/types\/page"}],"author":[{"embeddable":true,"href":"https:\/\/www.edufma.ufma.br\/index.php\/wp-json\/wp\/v2\/users\/1"}],"replies":[{"embeddable":true,"href":"https:\/\/www.edufma.ufma.br\/index.php\/wp-json\/wp\/v2\/comments?post=202"}],"version-history":[{"count":157,"href":"https:\/\/www.edufma.ufma.br\/index.php\/wp-json\/wp\/v2\/pages\/202\/revisions"}],"predecessor-version":[{"id":7892,"href":"https:\/\/www.edufma.ufma.br\/index.php\/wp-json\/wp\/v2\/pages\/202\/revisions\/7892"}],"wp:attachment":[{"href":"https:\/\/www.edufma.ufma.br\/index.php\/wp-json\/wp\/v2\/media?parent=202"}],"curies":[{"name":"wp","href":"https:\/\/api.w.org\/{rel}","templated":true}]}}