
{"id":195,"date":"2014-06-30T20:38:59","date_gmt":"2014-06-30T20:38:59","guid":{"rendered":"http:\/\/www.edufma.ufma.br\/?page_id=195"},"modified":"2026-04-10T09:24:10","modified_gmt":"2026-04-10T12:24:10","slug":"conselho-editorial","status":"publish","type":"page","link":"https:\/\/www.edufma.ufma.br\/index.php\/conselho-editorial\/","title":{"rendered":"Conselho Editorial"},"content":{"rendered":"<p><strong>CONSELHO EDITORIAL\u00a0 \u00a0 \u00a0 \u00a0 \u00a0\u00a0<\/strong><\/p>\n<p>O Conselho Editorial, \u00f3rg\u00e3o normativo e deliberativo, tem por finalidade:<\/p>\n<ol>\n<li>a) Formular a pol\u00edtica editorial da EDUFMA, em conson\u00e2ncia com a pol\u00edtica da UFMA;<\/li>\n<li>b) Desenvolver a\u00e7\u00f5es pol\u00edticas e administrativas destinadas a garantir a execu\u00e7\u00e3o da pol\u00edtica editorial estabelecida.<\/li>\n<\/ol>\n<p><strong>MEMBROS TITULARES \/ SUPLENTES<\/strong><\/p>\n<p><strong>PRESIDENTE<br \/>\n<\/strong>IRENILMA CAD\u00caTE LIMA<\/p>\n<p><strong>CENTRO DE CI\u00caNCIAS BIOL\u00d3GICAS E DA SA\u00daDE \u2013 CCBS<\/strong><\/p>\n<p>Representante Titular: Profa. Dra Maria \u00c1urea Lira Feitosa<\/p>\n<p>Representante Suplente: Prof. Dr. Vandilson Pinheiro Rodrigues<\/p>\n<p><strong>CENTRO DE CI\u00caNCIAS EXATAS E TECNOLOGIA \u2013 CCET<\/strong><\/p>\n<p>Representante Titular:\u00a0 Profa. Dra. Andr\u00e9a Katiane Ferreira Costa<\/p>\n<p>Representante Suplente: Prof. Alexandra Martins dos Santos Soares<\/p>\n<p><strong>CENTRO DE CI\u00caNCIAS HUMANAS \u2013 CCH<\/strong><\/p>\n<p>Representante Titular: Prof. Dr. M\u00e1rcio Jos\u00e9 Celeri<\/p>\n<p>Representante Suplente: Prof. Dr. Alexandre Jord\u00e3o Baptista<\/p>\n<p><strong>CENTRO DE CI\u00caNCIAS SOCIAIS \u2013 CCSO<\/strong><\/p>\n<p>Representante Titular : Profa. Dra. Raimunda Ramos Marinho<\/p>\n<p>Representante Suplente: Profa. Dra. Jaciara Janu\u00e1rio da Silva<\/p>\n<p><strong>AG\u00caNCIA DE INOVA\u00c7\u00c3O, EMPREENDEDORISMO, PESQUISA, P\u00d3S-GRADUA\u00c7\u00c3O E INTERNACIONALIZA\u00c7\u00c3O\/AGEUFMA<\/strong><\/p>\n<p>Representante Titular: Profa. Dra Ros\u00e2ngela Fernandes Lucena Batista<\/p>\n<p>Representante Suplente:Prof. Dr. Francisco Savio Mendes Sinfr\u00f4nio<\/p>\n<p><strong>BIBLIOTEC\u00c1RIO DA BIBLIOTECA CENTRAL DA UFMA<\/strong><strong><br \/>\n<\/strong>Representante Titular: Bibliotec\u00e1ria\u00a0 M\u00e1rcia Cristina da Cruz Pereira<\/p>\n<p>Representante Suplente: Bibliotec\u00e1ria Sheila de Sousa Monteiro<\/p>\n<p><strong>CENTRO DE CI\u00caNCIAS DE BACABAL \u2013\u00a0CCBA<\/strong><\/p>\n<p>Representante Titular: Prof. Dr. Lu\u00eds Henrique Serra<\/p>\n<p>Representante Suplente: Prof. Dr. Wheriston Silva Neris<\/p>\n<p><strong>CENTRO DE CI\u00caNCIAS DE BALSAS \u2013\u00a0CCBL<\/strong><\/p>\n<p>Representante Titular: Profa. Dra D\u00e9bora Batista Pinheiro Sousa<\/p>\n<p>Representante Suplente: Prof. Dr. Cassius Marcellus Costa Carvalho<\/p>\n<p><strong>CENTRO DE CI\u00caNCIAS DE CHAPADINHA \u2013\u00a0CCCH<\/strong><\/p>\n<p>Representante Titular: Profa. Dra Luma Castro de Souza<\/p>\n<p>Representante Suplente: Profa. Dra. Kamila Cunha de Meneses<\/p>\n<p><strong>CENTRO DE CI\u00caNCIAS DE COD\u00d3 \u2013\u00a0CCC<\/strong><\/p>\n<p>Representante Titular: Prof. Dr. Jos\u00e9 Carlos Arag\u00e3o Silva<\/p>\n<p>Representante Suplente: Profa. Dra. Joelma Soares da Silva<\/p>\n<p><strong>CENTRO DE CI\u00caNCIAS DE GRAJA\u00da \u2013\u00a0CCG<\/strong><\/p>\n<p>Representante Titular: Profa. Dra.\u00a0Karina Almeida de Sousa<\/p>\n<p>Representante Suplente: Prof. Dr. Luciano Rocha da Penha<\/p>\n<p><strong>CENTRO DE CI\u00caNCIAS DE IMPERATRIZ \u2013\u00a0CCIM<\/strong><\/p>\n<p>Representante Titular: Prof. Dr. Edson Ferreira da Costa<\/p>\n<p>Representante Suplente: Profa. Dra. Thaisa Cristina Bueno<\/p>\n<p><strong>CENTRO DE CI\u00caNCIAS DE PINHEIRO \u2013\u00a0CCP<\/strong><\/p>\n<p>Representante Titular: Prof. Dr. Luiz Eduardo Neves dos Santos<\/p>\n<p>Representante Suplente:\u00a0 Profa. Dra Halinna Larissa Cruz Correia de Carvalho Buonocore<\/p>\n<p><strong>CENTRO DE CI\u00caNCIAS DE S\u00c3O BERNARDO \u2013\u00a0CCSB<\/strong><\/p>\n<p>Representante Titular:\u00a0 Profa. Dra. Jussara Danielle Martins Aires<\/p>\n<p>Representante Suplente: Profa. Dra. Paula Maria Aristides de Oliveira Molinari<\/p>\n","protected":false},"excerpt":{"rendered":"<p>CONSELHO EDITORIAL\u00a0 \u00a0 \u00a0 \u00a0 \u00a0\u00a0 O Conselho Editorial, \u00f3rg\u00e3o normativo e deliberativo, tem por finalidade: a) Formular a pol\u00edtica editorial da EDUFMA, em conson\u00e2ncia com a pol\u00edtica da UFMA; b) Desenvolver a\u00e7\u00f5es pol\u00edticas e administrativas destinadas a garantir a execu\u00e7\u00e3o da pol\u00edtica editorial estabelecida. MEMBROS TITULARES \/ SUPLENTES PRESIDENTE IRENILMA CAD\u00caTE LIMA CENTRO DE CI\u00caNCIAS BIOL\u00d3GICAS E DA SA\u00daDE \u2013 CCBS Representante Titular: Profa. Dra Maria \u00c1urea Lira Feitosa Representante Suplente: Prof. Dr. Vandilson Pinheiro Rodrigues CENTRO DE CI\u00caNCIAS EXATAS E TECNOLOGIA \u2013 CCET Representante Titular:\u00a0 Profa. Dra. Andr\u00e9a Katiane Ferreira Costa Representante Suplente: Prof. Alexandra Martins dos Santos Soares CENTRO DE CI\u00caNCIAS HUMANAS \u2013 CCH Representante Titular: Prof. Dr. M\u00e1rcio Jos\u00e9 Celeri Representante Suplente: Prof. Dr. Alexandre Jord\u00e3o Baptista CENTRO DE CI\u00caNCIAS SOCIAIS \u2013 CCSO Representante Titular : Profa. Dra. Raimunda Ramos Marinho Representante Suplente: Profa. Dra. Jaciara Janu\u00e1rio da Silva AG\u00caNCIA DE INOVA\u00c7\u00c3O, EMPREENDEDORISMO, PESQUISA, P\u00d3S-GRADUA\u00c7\u00c3O E INTERNACIONALIZA\u00c7\u00c3O\/AGEUFMA Representante Titular: Profa. Dra Ros\u00e2ngela Fernandes Lucena Batista Representante Suplente:Prof. Dr. Francisco Savio Mendes Sinfr\u00f4nio BIBLIOTEC\u00c1RIO DA BIBLIOTECA CENTRAL DA UFMA Representante Titular: Bibliotec\u00e1ria\u00a0 M\u00e1rcia Cristina da Cruz Pereira Representante Suplente: Bibliotec\u00e1ria Sheila de Sousa Monteiro CENTRO DE CI\u00caNCIAS DE BACABAL \u2013\u00a0CCBA Representante Titular: Prof. Dr. Lu\u00eds Henrique Serra Representante Suplente: Prof. Dr. Wheriston Silva Neris CENTRO DE CI\u00caNCIAS DE BALSAS \u2013\u00a0CCBL Representante Titular: Profa. Dra D\u00e9bora Batista Pinheiro Sousa Representante Suplente: Prof. Dr. Cassius Marcellus Costa Carvalho CENTRO DE CI\u00caNCIAS DE CHAPADINHA \u2013\u00a0CCCH Representante Titular: Profa. Dra Luma Castro de Souza Representante Suplente: Profa. Dra. Kamila Cunha de Meneses CENTRO DE CI\u00caNCIAS DE COD\u00d3 \u2013\u00a0CCC Representante Titular: Prof. Dr. Jos\u00e9 Carlos Arag\u00e3o Silva Representante Suplente: Profa. Dra. Joelma Soares da Silva CENTRO DE CI\u00caNCIAS DE GRAJA\u00da \u2013\u00a0CCG Representante Titular: Profa. Dra.\u00a0Karina Almeida de Sousa Representante Suplente: Prof. Dr. Luciano Rocha da Penha CENTRO DE CI\u00caNCIAS DE IMPERATRIZ \u2013\u00a0CCIM Representante Titular: Prof. Dr. Edson Ferreira da Costa Representante Suplente: Profa. Dra. Thaisa Cristina Bueno CENTRO DE CI\u00caNCIAS DE PINHEIRO \u2013\u00a0CCP Representante Titular: Prof. Dr. Luiz Eduardo Neves dos Santos Representante Suplente:\u00a0 Profa. Dra Halinna Larissa Cruz Correia de Carvalho Buonocore CENTRO DE CI\u00caNCIAS DE S\u00c3O BERNARDO \u2013\u00a0CCSB Representante Titular:\u00a0 Profa. Dra. Jussara Danielle Martins Aires Representante Suplente: Profa. Dra. Paula Maria Aristides de Oliveira Molinari<\/p>\n","protected":false},"author":1,"featured_media":0,"parent":0,"menu_order":0,"comment_status":"open","ping_status":"open","template":"","meta":[],"_links":{"self":[{"href":"https:\/\/www.edufma.ufma.br\/index.php\/wp-json\/wp\/v2\/pages\/195"}],"collection":[{"href":"https:\/\/www.edufma.ufma.br\/index.php\/wp-json\/wp\/v2\/pages"}],"about":[{"href":"https:\/\/www.edufma.ufma.br\/index.php\/wp-json\/wp\/v2\/types\/page"}],"author":[{"embeddable":true,"href":"https:\/\/www.edufma.ufma.br\/index.php\/wp-json\/wp\/v2\/users\/1"}],"replies":[{"embeddable":true,"href":"https:\/\/www.edufma.ufma.br\/index.php\/wp-json\/wp\/v2\/comments?post=195"}],"version-history":[{"count":90,"href":"https:\/\/www.edufma.ufma.br\/index.php\/wp-json\/wp\/v2\/pages\/195\/revisions"}],"predecessor-version":[{"id":7877,"href":"https:\/\/www.edufma.ufma.br\/index.php\/wp-json\/wp\/v2\/pages\/195\/revisions\/7877"}],"wp:attachment":[{"href":"https:\/\/www.edufma.ufma.br\/index.php\/wp-json\/wp\/v2\/media?parent=195"}],"curies":[{"name":"wp","href":"https:\/\/api.w.org\/{rel}","templated":true}]}}